 -a**3 + 100*a**2 - 297*a + 423. What is h(97)?
-159
Let h(l) = 11634*l + 210564. Calculate h(-18).
1152
Let v(f) = -f**3 - 27*f**2 + 450*f - 1066. Give v(-39).
-364
Let w(m) = 184*m + 1420. What is w(-7)?
132
Let y(w) = 3*w**3 + 117*w**2 - 2440*w + 179. What is y(15)?
29
Let v(c) = 27610*c - 57456420. What is v(2081)?
-10
Let w(m) = -m**3 - 502*m**2 - 15905*m + 2983. Give w(-468).
-293
Let i(w) = 32*w**3 + 319*w**2 + 131*w + 1324. Give i(-10).
-86
Let p(q) = 174*q - 30207. What is p(174)?
69
Let r(m) = 3*m**2 + 75*m - 947. Give r(17).
1195
Let m(q) = -68*q + 1635. What is m(20)?
275
Let y(i) = i**3 - 125*i**2 + 3155*i - 180. Calculate y(35).
-5
Let b(f) = f**2 - 220*f - 4972. Calculate b(-25).
1153
Let g(f) = 13*f**2 + 6529*f - 71823. Give g(-513).
-3
Let n(t) = 2*t**2 - 596*t - 6114. What is n(-10)?
46
Let w(y) = -y**3 + 79*y**2 - 789*y - 142. Give w(67).
863
Let h(v) = 32337*v + 129118. Calculate h(-4).
-230
Let g(n) = -1252*n + 664826. Determine g(531).
14
Let h(q) = 28316*q - 311476. Give h(11).
0
Let j(h) = -5*h**2 + 330*h - 4021. What is j(17)?
144
Let r(l) = -2*l**3 - 44*l**2 - 208*l - 2688. What is r(-20)?
-128
Let g(k) = k**3 + 43*k**2 - 547*k - 391. Calculate g(11).
126
Let n(o) = 5*o**3 + 9*o**2 + 46*o + 135. Determine n(-4).
-225
Let m(g) = -g**3 + 60*g**2 - 299*g - 193. What is m(54)?
1157
Let g(x) = 554*x - 8741. What is g(18)?
1231
Let d(v) = -v**3 + 535*v**2 - 3165*v - 10. Calculate d(6).
44
Let k(u) = u**2 + 51*u - 4840. Give k(-87).
-1708
Let t(h) = 3*h**3 + 12*h**2 - 4964*h + 24335. What is t(5)?
190
Let i(k) = 6*k**2 - 1594*k + 105170. Give i(122).
6
Let s(f) = -110*f + 736. What is s(26)?
-2124
Let a(i) = 97997*i + 196190. Calculate a(-2).
196
Let x(m) = -29*m - 3106. What is x(-111)?
113
Let d(b) = -b**3 - 52*b**2 + 33*b - 546. Give d(-53).
514
Let d(w) = -153615*w - 1996955. Calculate d(-13).
40
Let z(b) = -6*b**3 + 1373*b**2 + 1611*b + 261. Calculate z(230).
491
Let q(j) = -4*j**2 + 3039*j - 30338. Calculate q(10).
-348
Let j(x) = 59780*x + 2690104. Determine j(-45).
4
Let c(n) = -n**2 + 36*n + 1436. Calculate c(-24).
-4
Let d(r) = -2*r**2 + 824*r - 14162. Determine d(394).
22
Let t(h) = -54963*h + 4397035. What is t(80)?
-5
Let d(z) = -z**3 + 76*z**2 - 100*z + 1623. What is d(75)?
-252
Let x(z) = -3119*z + 131648. Give x(42).
650
Let h(f) = -f**3 + 19*f**2 + 36*f - 1325. Determine h(16).
19
Let t(f) = -203*f - 3341. Calculate t(-17).
110
Let f(c) = 5*c**2 - 6*c - 218. What is f(-11)?
453
Let j(z) = 120437*z + 49258742. Give j(-409).
9
Let n(s) = s**3 - 3*s**2 + 293*s + 1495. Give n(-5).
-170
Let j(f) = f**3 - 15*f**2 + 5827*f - 81382. Determine j(14).
0
Let b(h) = 608*h - 161017. Give b(265).
103
Let h(q) = -11618*q - 92959. Calculate h(-8).
-15
Let x(i) = -1779379*i - 5338120. What is x(-3)?
17
Let j(u) = -31512*u + 126060. Determine j(4).
12
Let q(l) = -l**2 - 1751*l - 551664. Calculate q(-412).
4
Let q(p) = 34134*p - 7441168. What is q(218)?
44
Let f(q) = 93*q**2 + 951*q - 2853. Give f(3).
837
Let m(g) = -g**3 + 11*g**2 + 38*g - 316. Calculate m(12).
-4
Let y(k) = k**3 - 51*k**2 + 326*k - 139. Calculate y(44).
653
Let v(r) = 62044*r + 744433. Determine v(-12).
-95
Let b(p) = 4304*p - 21006. Calculate b(5).
514
Let k(u) = -2*u**3 - 6*u**2 + 32*u + 11. What is k(4)?
-85
Let h(y) = 205*y**2 - 396*y - 396. What is h(-1)?
205
Let n(y) = -1008*y + 7436. Calculate n(10).
-2644
Let k(h) = -2*h**2 + 1587*h + 19075. Give k(-12).
-257
Let f(s) = -29358*s + 203926. Give f(7).
-1580
Let a(j) = 13*j**2 - 78*j + 150. Determine a(5).
85
Let j(o) = o**3 + 20*o**2 + 25*o - 696. Give j(-16).
-72
Let i(q) = 3*q**3 - 2*q**2 - 213*q + 1643. What is i(9)?
1751
Let r(c) = 6*c**3 + 471*c**2 + 197*c + 100. What is r(-78)?
2986
Let l(h) = -40431*h + 40651. Give l(1).
220
Let j(v) = 2*v**2 + 536*v + 23365. Calculate j(-60).
-1595
Let d(f) = -15*f**2 - 3053*f - 18407. Calculate d(-6).
-629
Let i(o) = 22805*o - 160130. Calculate i(7).
-495
Let l(o) = -5*o**3 + 56*o**2 + 121*o + 1. Calculate l(-2).
23
Let n(o) = 275980*o - 15178903. What is n(55)?
-3
Let o(t) = -304*t**2 + 8805*t + 185. Give o(29).
-134
Let f(p) = p**2 - 42009. Give f(-205).
16
Let j(t) = -2346*t - 39883. What is j(-17)?
-1
Let w(o) = o**3 - 50*o**2 + 79*o - 12976. Give w(53).
-362
Let l(v) = -3165*v - 18971. Give l(-6).
19
Let p(n) = -n**3 + 19944*n**2 - 219276*n + 144. Give p(11).
1
Let a(k) = k**3 + 48*k**2 + 337*k - 1616. Give a(-38).
18
Let d(y) = -6554*y - 842. What is d(0)?
-842
Let s(c) = -30*c**3 - 70*c**2 - 48*c - 93. Determine s(-2).
-37
Let b(h) = h**2 - 1811*h - 16380. What is b(-9)?
0
Let k(v) = 5*v**3 - 112*v**2 + 82*v + 113. Give k(23).
3586
Let d(f) = -1327*f + 53050. Give d(40).
-30
Let i(v) = 4417*v + 4419. Determine i(-1).
2
Let z(p) = 11588*p - 104338. Give z(9).
-46
Let h(p) = -11*p**2 + 1368*p - 4527. Calculate h(121).
-50
Let o(h) = -3*h**3 - 29*h**2 - 22*h + 331. Calculate o(9).
-4403
Let p(r) = 6688*r - 96. Calculate p(0).
-96
Let d(y) = -y**2 + 61*y - 1118. Calculate d(31).
-188
Let s(m) = -m**3 - 250*m**2 - 4813*m - 925. Give s(-229).
-9
Let s(v) = 4860*v + 33983. Determine s(-7).
-37
Let z(x) = -515*x - 6152. Give z(-13).
543
Let l(k) = k**2 - 140*k - 582. Give l(-4).
-6
Let f(c) = -c**2 + 229*c + 8366. What is f(261)?
14
Let q(t) = -t**3 + 196*t**2 - 186*t - 1659. Calculate q(195).
96
Let g(j) = j**3 + 77*j**2 + 356*j - 27557. What is g(-65)?
3
Let i(l) = -105420*l - 1792380. What is i(-17)?
-240
Let v(u) = u**3 + 61*u**2 - 108*u - 3406. Determine v(-7).
-4
Let d(r) = -6*r**3 + 381*r**2 + 314*r - 7864. Give d(64).
-56
Let s(f) = 180*f - 291. Calculate s(-2).
-651
Let i(k) = -1480*k + 28690. Calculate i(19).
570
Let l(k) = 2*k**3 - 222*k**2 + 4881*k - 1820. Give l(81).
-119
Let o(n) = -5733*n + 131856. Give o(23).
-3
Let i(b) = 152541*b + 4271142. Calculate i(-28).
-6
Let n(m) = -3*m**2 + 110*m + 2200. Determine n(50).
200
Let c(n) = n**2 - 7567*n - 30272. Give c(-4).
12
Let a(t) = t**3 + 27*t**2 + 58*t - 1129. Give a(-22).
15
Let j(v) = 31*v**3 + 15*v**2 + 21*v - 38. Calculate j(1).
29
Let r(a) = 279*a + 22032. What is r(-79)?
-9
Let r(t) = -t**3 + 64*t**2 - 848*t - 101. Give r(22).
1571
Let c(z) = -14*z**2 - 506*z - 1041. Give c(-2).
-85
Let i(q) = -4*q**3 - 116*q**2 + 678*q - 73. Determine i(-34).
-5
Let i(s) = -2*s**3 - 36*s**2 - 235*s - 3433. Give i(-17).
-16
Let g(u) = -2*u**3 - 147*u**2 - 1548*u - 1009. Determine g(-61).
394
Let o(s) = 2598*s - 275354. Calculate o(106).
34
Let g(j) = -16*j**2 + 58*j + 42. Give g(4).
18
Let p(m) = 350*m + 663. Calculate p(-1).
313
Let r(i) = -21*i**2 + 2256*i + 90. Calculate r(107).
1053
Let w(v) = 3926*v - 1048244. What is w(267)?
-2
Let f(m) = 109*m + 54726. Determine f(-502).
8
Let a(s) = 4*s**3 - 79*s**2 + 507*s - 4. What is a(8)?
1044
Let w(x) = -x**3 + 57*x**2 + 33*x + 676. Give w(57).
2557
Let w(h) = h**3 + 21*h**2 + 32*h + 304. Determine w(-10).
1084
Let q(k) = 568*k**2 + 5181*k + 502. Determine q(-9).
-119
Let y(b) = 107*b + 11551. Determine y(-108).
-5
Let g(h) = -838*h**3 + 4*h**2 - 200*h - 201. Give g(-1).
841
Let z(l) = l**2 - 88*l - 507. Calculate z(121).
3486
Let a(s) = -235703*s - 4714053. Calculate a(-20).
7
Let n(y) = -53*y**3 + 118*y**2 - 28*y + 71. Determine n(2).
63
Let k(t) = -11*t**3 - 2719*t**2 - 502*t - 2338. Determine k(-247).
-362
Let x(p) = -3867*p - 11616. Calculate x(-3).
-15
Let q(x) = 4*x**2 - 4950*x - 9906. Calculate q(-2).
10
Let n(q) = q**3 - 12*q**2 - 17387*q + 208647. Determine n(12).
3
Let u(y) = -257*y - 20294. What is u(-79)?
9
Let h(c) = -c**3 - 36*c**2 + 741*c - 1623. Give h(-52).
3109
Let g(z) = z**3 - 3*z**2 - 3130*z - 3484. Give g(58).
-4
Let g(j) = 11309*j + 11044. What is g(-1)?
-265
Let k(v) = -4*v**2 + 231*v - 55. Determine k(57).
116
Let k(j) = 37*j**3 - 260*j**2 + 11*j + 44. Determine k(7).
72
Let v(x) = 13378*x**2 - 80250*x - 56. Give v(6).
52
Let g(a) = 18859*a + 94300. Give g(-5).
5
Let x(d) = -d**3 - 90*d**2 + 184*d - 810. What is x(-92)?
-810
Let w(h) = -125*h - 2166. Determine w(-27).
1209
Let o(r) = 111*r**3 - 454*r**2 + 48*r - 63. Calculate o(4).
-31
Let f(s) = 4*s**3 - 318*s**2 - 172*s + 940. Calculate f(80).
-20
Let o(s) = s**2 + 3429*s - 244935. Calculate o(70).
-5
Let m(t) = 1559608*t + 1559633. Determine m(-1).
25
Let y(w) = 105*w**3 + 53*w**2